*c + 1. What is the remainder when 6094 is divided by i(11)?
252
Let t be (-28)/42 + 8/(-6) + 0. Calculate the remainder when (-2 - (3 + t + -2)) + 6 is divided by ((-2)/6)/(6/(-36)).
1
Suppose 139 = -4*n + 159. Let h(p) = p**2 - 2*p + 1. What is the remainder when 31 is divided by h(n)?
15
Suppose 4*j - 2*z - 28 = 3*z, -j + 28 = 4*z. Let x be (-6 + -2)*(-5)/10. Suppose 9 + 11 = x*v, -v - 171 = -4*l. Calculate the remainder when l is divided by j.
8
Suppose 0 = 44*q - 1885 - 271. What is the remainder when 177 is divided by q?
30
Let u = -25619 - -25740. Calculate the remainder when 1587 is divided by u.
14
Let w(m) be the second derivative of m**5/20 - 2*m**4/3 + 7*m**3/3 + m**2/2 - 117*m. Calculate the remainder when 36 is divided by w(6).
10
Let s = 13700 - 13453. Calculate the remainder when 1480 is divided by s.
245
Suppose -3*l = -g - 48, 6*l - 87 = 30*g - 29*g. Calculate the remainder when 55925 is divided by l.
12
Suppose 2*a - 3 = 1. Suppose 6*j = a*j + 196. Let t(p) = 116*p + 707. Calculate the remainder when j is divided by t(-6).
5
Let v(n) = n**2 - 84*n + 1191. Calculate the remainder when 47 is divided by v(18).
2
Let v be (-4)/26 - (-22470)/(-130). Let i = -146 - v. What is the remainder when 73 is divided by i?
19
Suppose -4*i = -9*i - 135. Suppose 3*v - 21 = -0*v. Calculate the remainder when (10/(-4))/5 + i/(-2) is divided by v.
6
Let z(p) = 5*p**3 - 17*p**2 - 4*p - 10. What is the remainder when z(7) is divided by 60?
4
Calculate the remainder when 386 is divided by ((-1161)/172)/(8/(-160)).
116
Suppose -3*l + 68 = 92. Let u(f) = -13*f - 85. What is the remainder when 34 is divided by u(l)?
15
Let p = 8 + 1. Calculate the remainder when 9027/68 + p/(-12) is divided by 27.
24
Let b = 23 + -21. Let f be (14 + b)*1/2 + -4. Suppose -5*m + 25 = 0, -3*y + f*m + 358 = -0*m. What is the remainder when y is divided by 26?
22
Suppose -2*q - 3*q - 2*g + 24 = 0, -5*q + 4*g = -12. Suppose -3*t = q*i - 249, -5*t = -10 + 35. Calculate the remainder when 327 is divided by i.
63
Let y be (-196)/70 - 1/5. Suppose 2*o - 20 = 5*m + 4, o - 9 = m. Calculate the remainder when y/12 - (-258)/8 is divided by o.
4
Calculate the remainder when -9 + 1841/(-42)*-6 is divided by 31/2 + 8/(-16).
14
Calculate the remainder when 273 is divided by 1716/117 - (-8)/(-3).
9
Let g(w) be the second derivative of w**3/6 + 14*w**2 - 39*w. Let u be g(-7). Suppose -3 = 2*q - u. What is the remainder when 13 is divided by q?
4
Let j(h) = -4*h + 37. Let q be j(-4). Let c = q + 1. What is the remainder when c is divided by 11?
10
Let a = -4737 + 4762. Suppose -4*q + 62 + 134 = 0. Calculate the remainder when q is divided by a.
24
Let p(d) = 8*d**2 + 20*d + 166. What is the remainder when p(-8) is divided by 266?
252
Let n(r) = -r**2 + 12. Let u be n(-4). Calculate the remainder when 45 is divided by 9*u/(-180) + (-79)/(-5).
13
Let x(f) = -f**3 + 6*f**2 + 7*f + 13. Let g be x(7). Suppose -4*p = g - 117. Let s = 89 + -13. What is the remainder when s is divided by p?
24
Let n = -1134248 - -1135105. Suppose 74 = 3*m - 43. Calculate the remainder when n is divided by m.
38
Let j(z) = -1007*z - 4001. What is the remainder when j(-5) is divided by 331?
41
Suppose c - 25*p = -27*p + 95, -5*c + p = -431. Calculate the remainder when 187 is divided by c.
13
Let l be 897 - (4 - -1 - 9). Suppose -15*b = 2*b - l. What is the remainder when 314 is divided by b?
49
Let o(f) = f**3 + 7*f**2 - 5*f + 5. Let k be o(-7). Let j = k + -2. Suppose -4*x + 26 + j = 4*l, 0 = x - 5. Calculate the remainder when l is divided by 7.
4
Let o = -487 + 340. Suppose 418 = 6*t - 8*t. Let x = o - t. Calculate the remainder when x is divided by 16.
14
Suppose 219*j - 470 = 95*j + 77*j. Let p(c) = -6*c - 6. Calculate the remainder when p(-4) is divided by j.
8
Let l = 18562 + -18420. What is the remainder when l is divided by 87?
55
Let i = 1750 + -1652. What is the remainder when 583 is divided by i?
93
Suppose -8*w - 25 = -3*w, 20 = x - w. Let p = 1 - -4. Suppose 0 = -5*u - x, -p*u + 4*u = 3*t - 36. Calculate the remainder when t is divided by 8.
5
Suppose -16*h = -18*h - 4. Let y = 26 - h. What is the remainder when y is divided by 9?
1
Suppose -5*t = 2*t + t. Let i be (2 + t)*8/((-32)/(-26)). Suppose -i*p + 88 = -2*p. Calculate the remainder when 22 is divided by p.
6
Let o = 4604 + -4579. What is the remainder when 4474 is divided by o?
24
Suppose -4*q = -48 - 140. What is the remainder when ((-186)/12*-2)/((-24)/(-216)) is divided by q?
44
Suppose -19*f + 482 = 175 - 73. Suppose -4*t = 3*g - 338, -4*g = 2*t - 3*t - 476. Calculate the remainder when g is divided by f.
18
Suppose 0 = 4*i - 0*g + g + 32, 0 = 3*g. Let s(p) = 2*p**2 + 6*p + 4. What is the remainder when 582/8 + -3 + (-2)/i is divided by s(-4)?
10
Let k = 45 - 38. Suppose -3*a + 5*j + 15 = 0, -3*j = 5*a - k*j - 12. Suppose 4*o + 4*o - 240 = a. What is the remainder when o is divided by 4?
2
Let i(q) = -q**3 - 22*q**2 + 13*q + 290. Let y(j) be the second derivative of j**3/3 + 2*j**2 - j. What is the remainder when y(5) is divided by i(-22)?
2
Let v(k) = k**3 - 2 - 137*k + 142*k + 0*k**3 - 2*k**2. Suppose -57 = 5*h - 24*h. What is the remainder when v(h) is divided by 8?
6
Let f = -2821 - -2986. Suppose -4*t + 45 = 5. What is the remainder when f is divided by t?
5
Suppose -41*x = -45698 + 7035. Let v = x - 874. What is the remainder when v is divided by 39?
30
Let y = 190 - 200. Calculate the remainder when (-23 - 7)/(4/y) is divided by 30.
15
What is the remainder when 1106 is divided by -4*((-177)/2 + 6/(16 + -22))?
32
Let m(i) = -i**3 - 4*i**2 - 9*i + 2. What is the remainder when 455 is divided by m(-4)?
37
Calculate the remainder when (-5)/2*(-21)/15*(-329 + 417) is divided by 80.
68
Let k(j) = 181*j - 169. Let f be k(4). Let m = 580 - f. What is the remainder when 104 is divided by m?
4
Let t(m) = m**3 + 11*m**2 + 13*m - 18. Let v be -11*(0/1 + -1). Suppose -v*i + 45 = -2*i. What is the remainder when t(-9) is divided by i?
2
What is the remainder when 448 is divided by 1/2*((-1368)/19)/(-4)?
7
Suppose 4*y + 6 = 22. Suppose -2*w + 4*o = -36, 20 = -3*o - 2*o. Suppose 18 = 5*h - t, 4*h + 2*t = -4 + w. What is the remainder when y is divided by h?
1
Let x(i) = -i**3 - 8*i**2 - 6*i - 8. Let l be (-2 - 0) + -6 + 0. Let v be x(l). Let h = v - 35. Calculate the remainder when h is divided by 4.
1
Let m be ((-3)/6 + 1 + 0)*8. Let b be 0 + m - (4 + 0). Suppose -i - 38 + 60 = b. What is the remainder when 43 is divided by i?
21
Let t = 427 - 262. Let g be (10/14 - 1) + 2/7. Suppose 9*u - 8*u - 62 = 4*o, g = -2*u + 4*o + 104. What is the remainder when t is divided by u?
39
Let p(v) = v**2 + 21*v + 79. Let k be p(-21). Suppose -3*l + 168 = 4*i, 3*l - 47 - k = -3*i. What is the remainder when i is divided by 9?
6
Let f = -172 - -235. Suppose 3*l + 9 = f. Calculate the remainder when 44 is divided by l.
8
Suppose 4*a = 4*k + 1512, -28*k + 32*k = -a + 423. What is the remainder when 949 is divided by a?
175
Suppose -40 = 2*a - 4*k, -2*a - 4*k + 28 = -3*a. Let u be (117/a)/(3/(-84)). Suppose -4*l - 3*l = -u. What is the remainder when l is divided by 15?
9
Suppose -11*j - 12*j = -2848 + 249. Calculate the remainder when j is divided by 3/5 - 142/(-5).
26
Suppose -5*z + 3*u + 484 = 0, 4*z - 178 = 2*z - 4*u. Let s = z + -78. What is the remainder when 50 is divided by s?
16
Suppose 93*q = 49*q + 748. Suppose 147 = -5*b + 827. Suppose -13*m - b = -q*m. Calculate the remainder when m is divided by 3.
1
Let m = -2 + 55. Suppose -4*u + 23 = -m. Calculate the remainder when 7 - 1/(-2)*-2 - -30 is divided by u.
17
Suppose -88*j = -94*j + 804. Let p = j + 15. Calculate the remainder when p is divided by 10.
9
Let o = 7913 - 7521. What is the remainder when o is divided by 21?
14
Let l be (-1 + 7)/(45/930). Let j be (l/(-12) + -1)*-12. Calculate the remainder when 5456/j - 4/34 is divided by 14.
12
Suppose -218*r - 90 = -223*r. What is the remainder when 27/r*3/(18/128) is divided by 6?
2
Suppose -1995*p = -2095*p + 2400. Calculate the remainder when 1772 is divided by p.
20
Let d be (-6)/18*(-9)/(0 - -1). Let k(x) = 37*x**2 - 3*x - 7. What is the remainder when k(d) is divided by 80?
77
Calculate the remainder when (-788196)/(-570) - (-2)/10 is divided